 base 5
-100102324
121101010120202 (base 3) to base 12
2ab8202
-1033653 (base 7) to base 16
-1ed05
Convert -1502024 (base 10) to base 3.
-2211022101112
What is 2715337 (base 8) in base 15?
10052d
114122 (base 11) to base 3
100012111200
7ae9d (base 16) to base 6
14442445
What is -1423450 (base 6) in base 3?
-11010100110
-14522411 (base 6) to base 10
-508615
Convert -3331301010 (base 4) to base 10.
-1039428
Convert -18494 (base 14) to base 16.
-ef62
-14024002 (base 6) to base 15
-943e8
-112012111 (base 4) to base 13
-3227b
What is 120132122 (base 4) in base 6?
2052042
512566 (base 7) to base 3
11102220121
What is -3216b (base 12) in base 6?
-1225015
-55888 (base 9) to base 8
-110472
What is -7909b3 (base 12) in base 7?
-22255320
Convert 21322013202 (base 4) to base 3.
11212221220000
11201727 (base 9) to base 8
24564745
What is -80bc88 (base 16) in base 2?
-100000001011110010001000
What is 49a861 (base 11) in base 13?
218959
What is 1052535 (base 6) in base 12?
2714b
7a63c (base 14) to base 11
19363a
-10102111211210 (base 3) to base 9
-3374753
Convert -30505500 (base 7) to base 6.
-130444120
What is -21466404 (base 7) in base 4?
-13003110303
What is 4632396 (base 10) in base 8?
21527514
-778a96 (base 15) to base 7
-66305205
272347 (base 8) to base 3
11211221200
Convert 11200202221110 (base 3) to base 6.
125252233
12663523 (base 8) to base 14
5408a7
262679 (base 10) to base 15
52c6e
Convert 20321414 (base 5) to base 9.
274206
Convert 100021201012 (base 4) to base 5.
2040431121
What is -569380 (base 11) in base 6?
-31224135
What is 516111 (base 7) in base 8?
254747
-4122055 (base 6) to base 16
-30353
What is 120241220 (base 5) in base 2?
10000111101100100010
-100100110100010100000001 (base 2) to base 9
-20140271
Convert 7126d (base 15) to base 14.
94811
What is 4c0c66 (base 14) in base 10?
2614730
What is 348486 (base 10) in base 4?
1111011012
What is 9b2978 (base 15) in base 2?
11100001110101011001010
-291e47 (base 16) to base 12
-a9b547
Convert 79b96 (base 13) to base 14.
5ab06
What is -222340431 (base 5) in base 7?
-11223206
What is -223994 (base 12) in base 3?
-1000201121011
What is -201020021 (base 4) in base 11?
-92a44
Convert -1206154 (base 8) to base 11.
-206642
-3323880 (base 9) to base 6
-102151243
Convert 25606036 (base 8) to base 9.
11654373
4c236 (base 16) to base 2
1001100001000110110
Convert -531937 (base 10) to base 12.
-217a01
-101001022222 (base 3) to base 13
-6c056
Convert -12338 (base 11) to base 16.
-452b
Convert -1436401 (base 7) to base 3.
-100212120121
Convert -1545622 (base 8) to base 2.
-1101100101110010010
Convert -5cdd7 (base 14) to base 16.
-379a1
-111033203300 (base 4) to base 16
-54f8f0
Convert -21425334 (base 6) to base 16.
-9c99a
What is 249254 (base 10) in base 7?
2055455
What is 108961 (base 11) in base 8?
521467
Convert 5342340 (base 6) to base 10.
262356
What is 3a50c (base 13) in base 14?
2b78a
What is -1030011021 (base 4) in base 16?
-4c149
Convert 84a60 (base 11) to base 2.
11110001101010000
Convert 210299 (base 11) to base 5.
41241333
-350a45 (base 16) to base 11
-1a64664
What is 7054243 (base 9) in base 14?
6dab45
50575 (base 10) to base 11
34aa8
Convert -1730076 (base 8) to base 5.
-112110440
-305514165 (base 7) to base 13
-3952782
Convert -3017261 (base 8) to base 6.
-25005133
What is -13b99d (base 16) in base 10?
-1292701
Convert -834a1a (base 14) to base 16.
-439bd0
-1077020 (base 8) to base 6
-10151012
Convert -313130132 (base 4) to base 5.
-24231402
4414101 (base 9) to base 2
1001000010111110111111
Convert 4276720 (base 9) to base 11.
1328095
125530412 (base 6) to base 5
1121000223
What is -201103202003 (base 4) in base 2?
-100001010011100010000011
Convert 214432044 (base 6) to base 16.
3aeafc
What is -23235264 (base 7) in base 3?
-10211210001220
What is -22086b (base 16) in base 8?
-10404153
-3321010000 (base 4) to base 9
-1824351
-11130031414 (base 5) to base 15
-113d074
-3534605 (base 8) to base 2
-11101011100110000101
What is 45c94 (base 13) in base 9?
213651
Convert 23311425 (base 6) to base 15.
e4b7b
Convert -12186 (base 10) to base 9.
-17640
a3527 (base 16) to base 11
417672
6a7f7 (base 16) to base 14
b4d83
24068 (base 9) to base 15
4b85
-61c24 (base 14) to base 11
-151034
455034 (base 11) to base 15
e4836
Convert 102112202122 (base 3) to base 2.
110111011111001100
Convert -11000100100011000101 (base 2) to base 4.
-3010203011
33301000 (base 4) to base 9
107521
Convert 24bb9a (base 16) to base 14.
469438
Convert -836 (base 16) to base 5.
-31402
What is 1cb81 (base 15) in base 6?
2001521
Convert -12735705 (base 8) to base 6.
-141233021
-7612 (base 12) to base 10
-12974
Convert 23404002 (base 5) to base 10.
216127
-410ba (base 12) to base 5
-10203224
What is 29844 (base 14) in base 7?
606514
-5212253 (base 6) to base 8
-751451
-7898b4 (base 14) to base 10
-4098518
-1f315 (base 16) to base 10
-127765
Convert 1103411144 (base 5) to base 3.
11112010120020
-13b66 (base 12) to base 13
-c729
-339a8a (base 14) to base 10
-1755498
2b90b (base 13) to base 14
2227b
3950546 (base 11) to base 2
11010000101011011110010
222001010000 (base 3) to base 15
a1d13
What is -11606544 (base 9) in base 15?
-77109d
1b403a (base 14) to base 7
11154103
-1032211232 (base 4) to base 15
-655a2
80ce3a (base 16) to base 5
4130111102
Convert 201010210112001 (base 3) to base 7.
152314213
What is 243312312 (base 5) in base 13?
313b52
What is -928812 (base 11) in base 5?
-340142440
What is -a68aab (base 13) in base 6?
-215400411
Convert -110011001111110001 (base 2) to base 8.
-631761
Convert 5331333 (base 7) to base 11.
401701
-741a63 (base 11) to base 4
-10202022303
What is 11111011323 (base 4) in base 11?
874745
201202011021 (base 3) to base 16
5ee40
-5800a (base 13) to base 9
-264012
Convert -13a24a (base 13) to base 5.
-110314341
What is -12003134 (base 5) in base 13?
-3ac89
43441013 (base 5) to base 2
1011011011011101100
What is 730360 (base 9) in base 14?
b3cb9
-3272437 (base 9) to base 8
-6555644
Convert 122422404 (base 7) to base 16.
75cca5
-36642543 (base 8) to base 3
-120012102212210
Convert 221021002020 (base 3) to base 6.
14354010
What is -132230111 (base 4) in base 13?
-452b7
Convert 1110001100111010110 (base 2) to base 13.
133a85
-13011 (base 6) to base 13
-b71
Convert -244636 (base 8) to base 16.
-1499e
-1995637 (base 12) to base 11
-30733a7
Convert -2078aa (base 13) to base 11.
-479656
Convert -365826 (base 12) to base 13.
-24ab5a
What is 71187 (base 11) in base 15?
20c59
Convert -368612 (base 12) to base 5.
-211314424
-2210002 (base 7) to base 2
-1000010001111010011
What is -1327057 (base 9) in base 5?
-141224430
Convert 210432241 (base 5) to base 16.
d5657
100101101100011000 (base 2) to base 5
14420032
1110233311 (base 4) to base 11
217889
Convert -10111101110010101 (base 2) to base 5.
-11102143
What is -245864 (base 12) in base 8?
-2201214
What is -2413ac (base 13) in base 11?
-537984
What is 13201314 (base 5) in base 8?
400603
Convert -13816b (base 12) to base 7.
-2522534
2023202132 (base 4) to base 7
4600220
What is aa1718 (base 11) in base 10?
1759117
Convert -22654 (base 8) to base 6.
-112352
-383797 (base 10) to base 14
-9dc21
What is -15a42b (base 12) in base 9?
-624078
-2f077 (base 16) to base 7
-1431415
1011211101 (base 4) to base 14
75c1b
Convert -61541346 (base 7) to base 9.
-10623613
What is -7788cb (base 13) in base 7?
-32644646
Convert -42310236 (base 7) to base 16.
-36a9d1
What is -10010111100011110 (base 2) in base 15?
-17ed3
11505204 (base 6) to base 3
200121220211
Convert -aea90 (base 15) to base 5.
-120242020
What is 233004 (base 7) in base 5?
2314400
-1522120 (base 6) to base 13
-31440
Convert 142725 (base 13) to base 14.
cadbb
Convert -1507172 (base 10) to base 8.
-5577544
What is -7ca4 (base 13) in base 3?
-220001200
-203132231233 (base 4) to base 7
-142025113
Convert -434054 (base 6) to base 5.
-2122030
What is 133208b (base 12) in base 10?
3798251
What is 1035616 (base 8) in base 12?
11463a
5611030 (base 7) to base 12
294464
-100000111110111011100 (base 2) to base 9
-2026514
What is -289a39 (base 12) in base 10?
-680589
What is 2342707 (base 8) in base 11?
3a8202
-3722744 (base 9) to base 12
-816771
-7f8f2 (base 16) to base 11
-327604
What is 3431422304 (base 5) in base 8?
35243502
41a5